Let y = 70 - -91. What is the remainder when y is divided by i(24)?
17
Let f be 10/6 - (-4)/(-6). Let w be (-3)/(36/(-268)) - f/3. What is the remainder when 63 is divided by (w/4)/((-24)/(-48))?
8
Suppose -49*p = -19*p - 2739 - 261. What is the remainder when 397 is divided by p?
97
Let c = -11 - -18. What is the remainder when (-122)/(5/(-15)*6) is divided by c?
5
Suppose 20*y + 5*l = 19*y + 2, -3*l + 46 = 2*y. What is the remainder when 798 is divided by y?
30
Let k(m) = 3*m**2 - 113*m - 64. Calculate the remainder when 446 is divided by k(39).
78
Suppose 4*o + 5*i = 76, -o - 4*o = 4*i - 86. Let l be 2/(-3)*(-7 - (-1 + -3)). What is the remainder when o is divided by l*((-2)/(-6))/(1/6)?
2
Suppose -n = -4*r + 87 - 634, -3*r = 3*n + 414. Let p = 408 + r. What is the remainder when p is divided by 69?
64
Suppose 4113 = 32*g - 1519. Calculate the remainder when g is divided by 37.
28
Suppose 0 = -4*y - 36 - 424. Let m = 161 + y. Suppose 0 = -4*a + 5*n + 53, 7*a + 5*n = 4*a - 4. Calculate the remainder when m is divided by a.
4
Suppose -3*i + 157*l = 161*l - 10, -5*l = 4*i - 14. Calculate the remainder when 4180 is divided by i.
4
Let s = 176 - 178. What is the remainder when ((-13)/((-195)/(-160)))/(s/39) is divided by 30?
28
Let k be (25 - 21)*1/(-12)*-6. Suppose -k*g = -273 - 5. What is the remainder when g is divided by 28?
27
Suppose 2 = -41*b + 40*b, 3*u - 25 = -b. Let s(m) = -m. Let p(t) = t**2 + t - 24. Let x(l) = p(l) + 6*s(l). What is the remainder when 21 is divided by x(u)?
9
Let z = -344 + 436. What is the remainder when 1279 is divided by z?
83
Suppose 0 = -3*j + 3*z + 36 + 492, -z = 2*j - 367. Suppose j + 11 = 6*u. Calculate the remainder when 84 is divided by u.
20
Let c(w) = -20*w**2 - 2*w + 1. Let y be c(-4). Let u = y - -359. What is the remainder when 95 is divided by u?
47
Suppose 4*v = -5*r - 21, 0*v = 2*r - 3*v - 10. Let z = r - -43. Let o(f) = 4*f**2 + 39*f + 99. Calculate the remainder when z is divided by o(-6).
6
Let m = 1922 + -1016. Suppose -m = 54*c - 60*c. Calculate the remainder when c is divided by 51.
49
Let s = -4310 - -4325. What is the remainder when 419 is divided by s?
14
Let q = -3253 + 3330. What is the remainder when 767 is divided by q?
74
Suppose 7*d - 324 - 1111 = 0. Suppose -4*k - 73 = -d. Calculate the remainder when 161 is divided by k.
29
Suppose 7*d + 3960 = -17*d. Calculate the remainder when d/(-6)*(24/15 + 4) is divided by 12.
10
Suppose 3416 = -58*x + 3590. Calculate the remainder when 204 is divided by x.
0
Let d(h) = -4*h**2 + 1. Let a be d(1). Suppose -7*y = -28*y + 231. What is the remainder when 29 + a - (3 + -2) is divided by y?
3
Suppose -323 = 8750*h - 8769*h. Calculate the remainder when 600 is divided by h.
5
Suppose 5*j = -5, 13 = x - 4*j + 3. Let a be (-4)/(-10) + (-2786)/(-35). Let v = -68 + a. Calculate the remainder when v is divided by x.
0
Let v = -94 + 57. Let c = v - -246. Suppose 5*k - c = 271. Calculate the remainder when k is divided by 33.
30
Let l(a) = -278*a + 8767. Calculate the remainder when 503 is divided by l(31).
56
Suppose -78 = -8*m + 34. Suppose 0 = -11*r + m*r - 3*s - 237, 0 = -4*r + 3*s + 320. What is the remainder when r is divided by 28?
27
Suppose 78877 - 78847 = 6*k. Let w = -36 - -126. What is the remainder when w is divided by k?
0
Let k = -22 + 51. Calculate the remainder when (133 - -21 - -80)*(-20)/(-6) is divided by k.
26
Let c be (-5)/(-25) - (-447)/15. Suppose 6 - c = -2*g. Calculate the remainder when ((-17)/2)/((-6)/g) is divided by 5.
2
Suppose -3*s = c - 4644 + 1498, -4*s + 3*c + 4160 = 0. Calculate the remainder when 2103 is divided by s.
11
Suppose 911*t + 816 = 923*t. Suppose -4*n + 636 = -0*n. Calculate the remainder when n is divided by t.
23
Let m(a) be the first derivative of a**3 + a**2/2 + 7*a - 20. Let k be m(3). Let n = -14 + k. Calculate the remainder when 113 is divided by n.
21
Suppose 5*n + 1 = 86. Let k be (-2)/((-4)/6) + -1. Calculate the remainder when n is divided by k/7 - 244/(-28).
8
Let k = -466 - -240. Let v = k + 232. Calculate the remainder when 9 is divided by v.
3
Suppose 0 = g + 2*m - 381 + 41, 2*g - 675 = m. What is the remainder when g is divided by 201?
137
Suppose -36*m = -35*m + 2*p - 12, 5*p + 15 = 2*m. Let w = 309 + -197. Calculate the remainder when w is divided by m.
2
Let n = -57 + -6. Let q be (-23)/(-7) + 18/n. Suppose q*o + 230 = 8*o. Calculate the remainder when o is divided by 17.
12
Suppose -136*m + 18955 - 4679 = 36*m. Calculate the remainder when 1509 is divided by m.
15
What is the remainder when 5 + 28668/10 + 2 + (-98)/35 is divided by 13?
11
Suppose -w + 15 = 2. Let x(q) = 616*q - 59651. What is the remainder when x(97) is divided by w?
10
Suppose 1498*b - 1503*b = -125. Suppose -a + 0 + 11 = -5*z, -4*a = -z - b. Calculate the remainder when 13 is divided by a.
1
Suppose 168 = -35911*y + 35919*y. What is the remainder when 1228 is divided by y?
10
Suppose 121*z = 86*z + 18321 + 14859. Calculate the remainder when z is divided by 34.
30
Let h be 32/(-20)*(-7 - -2). Let m(x) = x**3 - 61*x**2 - 148*x + 1417. Calculate the remainder when m(63) is divided by (h/(-12))/(1/(-12)).
7
Let v(u) = -u**2 + u + 330. What is the remainder when 722 is divided by v(10)?
2
Let c(t) = 6*t + 35. Let b(x) = -x + 1. Suppose 30*w = 28*w - 4. Let y(l) = w*b(l) - c(l). Calculate the remainder when 55 is divided by y(-13).
10
Suppose 0*a - 284 = -5*g - 4*a, -115 = -2*g - 3*a. Calculate the remainder when 17 - -14*(-16)/g is divided by 10.
3
Let p = 41 - -27. Let m(j) = -j. Let n be m(6). What is the remainder when p is divided by (-901)/(-51) + (-2)/n?
14
Let u = -89 - -91. Suppose -150 = -u*k + 16. Suppose 181 = 4*d - k. What is the remainder when d is divided by 17?
15
What is the remainder when ((-45)/27)/(10/(-36)) is divided by (-9)/(54/(-16))*(-12)/(-16)?
0
Let g be 2784/10 + (-57)/(-95). Let h = -62 + g. Calculate the remainder when h is divided by 44.
41
Suppose -134 = -5*f + 3*i, -2*i + 76 = -146*f + 148*f. Calculate the remainder when 836 is divided by f.
30
Suppose -5*h - 7 + 28 = -2*c, 4*h = -4*c. Suppose -v = d + v - 24, h*v = 4*d - 129. Let w = 52 - d. Calculate the remainder when w is divided by 13.
9
Suppose -14 - 11 = -5*t. Suppose 0 = -t*o - 3*b + 752, -524 = -3*o + 4*b - 67. Let f = o + -80. Calculate the remainder when f is divided by 25.
21
Let b(k) = -2*k**3 + 7*k**2 + k - 5. Let x be b(3). Calculate the remainder when x - -111*(-1)/(-3) is divided by 15.
14
Let k be (2/4)/((-1)/(-502)). Let b = k + -168. Let u = 35 + 9. Calculate the remainder when b is divided by u.
39
Suppose 4*x - 4*q = -41 - 3, -x + 5*q = -9. Let f be 2 + (2 - -2 - x). Let a = f + -10. What is the remainder when a is divided by 6?
0
Let z = -375 - -383. Suppose z*q + 103 - 623 = 0. What is the remainder when q is divided by ((-1)/2)/(1/(-22))?
10
Let i(t) = 2*t**3 - 26*t**2 - 36*t - 126. What is the remainder when i(22) is divided by 26?
20
Let j = -8400 - -8557. What is the remainder when j is divided by 35?
17
Let h be -6*(-1)/(-10) - (-66)/10. Let c = -3 + 10. Calculate the remainder when (1/(-4))/((-6)/108)*h is divided by c.
6
Let p(c) = -c**3 + 9*c**2 + 11*c + 33. Let q(v) = -6*v - 92. Let j be q(-17). Calculate the remainder when p(j) is divided by 18.
7
Let u(i) be the first derivative of i**4/4 + 7*i**3/3 + 5*i**2 + 5*i + 144. Calculate the remainder when 233 is divided by u(-4).
12
Let n(i) = i**3 - 6*i**2 - 5. Let d be n(6). Let m(q) be the first derivative of -q**2/2 + 19*q + 1. Calculate the remainder when 118 is divided by m(d).
22
Suppose 5*w - 152 - 88 = 0. Suppose 8*x - 14 = 130. What is the remainder when w is divided by (x/(-7))/((-1)/7)?
12
Suppose 41 = 6*v + 23. Suppose -r - 2*w - 250 = -v*r, w - 505 = -4*r. Calculate the remainder when r is divided by 48.
30
Let h(g) = g**3 + 4*g**2 - 29*g - 23. What is the remainder when 713 is divided by h(-6)?
2
Let h = -19 + 9. What is the remainder when (-4)/(6/(-20 + 8)) - -79 is divided by 4/(-2)*(h - 1)?
21
Suppose -12*r + 306 = 5*r. Suppose r*z - 506 + 74 = 0. Calculate the remainder when 105 is divided by z.
9
What is the remainder when 892 is divided by -24*(-6)/16*50/3?
142
Suppose -22*b = -18*b - 68. Suppose 0*u + 3*u + 2*l - 90 = 0, 4*u + 3*l - 120 